 2.
1001011001111
-161236 (base 7) to base 11
-21891
Convert -17273 (base 8) to base 15.
-24e7
Convert -113613 (base 7) to base 10.
-20541
What is -19689 (base 12) in base 5?
-2143012
2563 (base 7) to base 11
808
Convert 5594 (base 13) to base 11.
8a85
-1b1 (base 12) to base 9
-337
435 (base 11) to base 4
20022
What is 305a (base 12) in base 2?
1010010000110
Convert -42463 (base 7) to base 4.
-2210203
-45468 (base 9) to base 5
-1432100
-12023 (base 4) to base 3
-112122
Convert -1365 (base 12) to base 3.
-10001212
-585 (base 9) to base 14
-266
What is 7a7b (base 12) in base 14?
4d79
What is 16000 (base 7) in base 3?
20010011
20640 (base 7) to base 4
1100010
-3212223 (base 4) to base 6
-152203
Convert -111010001010011 (base 2) to base 13.
-10729
Convert -7e8 (base 15) to base 13.
-a7c
Convert 11111101 (base 2) to base 16.
fd
Convert 85b (base 12) to base 6.
5355
What is -252a9 (base 11) in base 8?
-106712
Convert 3022a (base 11) to base 5.
2403242
Convert -1b7 (base 16) to base 15.
-1e4
Convert -4024 (base 7) to base 6.
-10234
3776 (base 8) to base 15
916
-7b09 (base 14) to base 9
-32277
Convert -725 (base 9) to base 11.
-497
-a7 (base 12) to base 6
-331
-31100 (base 4) to base 8
-1520
Convert -20771 (base 9) to base 13.
-634c
13516 (base 11) to base 7
110066
-56 (base 16) to base 10
-86
What is 101111110001011 (base 2) in base 10?
24459
554 (base 16) to base 6
10152
Convert -565 (base 10) to base 6.
-2341
What is 8130 (base 14) in base 3?
1010102212
2021 (base 4) to base 2
10001001
217a (base 12) to base 11
2859
5644 (base 13) to base 5
341210
Convert 623 (base 9) to base 15.
23c
Convert 5a8 (base 11) to base 13.
438
What is 12581 (base 9) in base 8?
20461
Convert -10100001100001 (base 2) to base 10.
-10337
Convert 4b5 (base 12) to base 13.
42b
-7422 (base 11) to base 13
-461a
Convert 1154 (base 7) to base 8.
657
What is 10914 (base 11) in base 9?
23534
Convert -c8 (base 15) to base 6.
-512
Convert -31200 (base 4) to base 11.
-716
21111 (base 5) to base 15
63b
-67c8 (base 13) to base 4
-3203001
What is 102310 (base 4) in base 10?
1204
2441 (base 8) to base 9
1718
Convert -14140 (base 6) to base 8.
-4254
Convert -3111 (base 7) to base 5.
-13321
-16a44 (base 14) to base 9
-86042
2212100122 (base 3) to base 15
11a98
Convert -1011001010 (base 2) to base 9.
-873
Convert 2220112 (base 3) to base 2.
100001001000
-540 (base 6) to base 11
-176
What is 12201112 (base 3) in base 9?
5645
What is 310241 (base 5) in base 2?
10011101010111
Convert -27b (base 14) to base 7.
-1314
Convert 11110110 (base 2) to base 7.
501
What is 103331 (base 4) in base 12?
8a5
-5205 (base 10) to base 13
-24a5
What is 16375 (base 8) in base 5?
214141
Convert -7519 (base 12) to base 11.
-9710
-1010322 (base 5) to base 11
-11302
-11010001110011 (base 2) to base 8
-32163
828 (base 9) to base 13
3cb
6120 (base 13) to base 7
54000
Convert 101003321 (base 4) to base 3.
10112212012
14ec (base 16) to base 12
3124
Convert -182 (base 16) to base 14.
-1d8
-233 (base 16) to base 12
-3ab
What is -7d8 (base 15) in base 4?
-123302
What is -211012 (base 3) in base 10?
-599
-b90 (base 12) to base 13
-a02
Convert 2178 (base 10) to base 3.
2222200
What is -302 (base 7) in base 4?
-2111
What is -1529 (base 10) in base 7?
-4313
What is 101100 (base 3) in base 4?
10113
62406 (base 7) to base 16
3bbe
Convert -9603 (base 10) to base 9.
-14150
1079 (base 10) to base 9
1428
Convert -312022 (base 7) to base 14.
-15712
Convert 3522 (base 7) to base 12.
8b6
212022212 (base 3) to base 10
17006
What is 1315 (base 6) in base 13?
1ca
What is 1524 (base 6) in base 11?
345
What is -26225 (base 8) in base 7?
-45163
What is -16c45 (base 15) in base 6?
-1324532
What is -4dba (base 14) in base 11?
-a314
What is 427 (base 14) in base 7?
2250
3545 (base 10) to base 9
4768
Convert -759 (base 11) to base 4.
-32033
What is 766d (base 15) in base 13?
b551
Convert -101110001 (base 2) to base 8.
-561
297 (base 12) to base 9
487
Convert 2546 (base 8) to base 7.
4013
What is b161 (base 13) in base 7?
131116
What is 3615 (base 12) in base 10?
6065
Convert 112120 (base 4) to base 12.
9b4
-10234 (base 8) to base 7
-15253
-33645 (base 7) to base 11
-6481
Convert -4003313 (base 5) to base 10.
-62958
What is 582 (base 15) in base 4?
103133
Convert -377 (base 12) to base 14.
-295
3d9 (base 16) to base 11
816
-1214 (base 6) to base 2
-100101010
Convert 406 (base 9) to base 4.
11022
Convert -323323 (base 4) to base 14.
-157d
3313 (base 6) to base 8
1375
Convert 3151 (base 12) to base 5.
133024
-174 (base 12) to base 16
-e8
What is -163005 (base 7) in base 2?
-111110111110111
Convert 1333 (base 6) to base 8.
531
2d2a (base 16) to base 7
45465
What is -1001100101 (base 2) in base 6?
-2501
Convert 11101001010001 (base 2) to base 15.
4654
3261 (base 7) to base 5
14140
Convert -8c (base 16) to base 5.
-1030
What is -11201 (base 6) in base 13?
-94c
9077 (base 11) to base 3
121112210
Convert 1b60 (base 15) to base 8.
13464
What is 111a (base 13) in base 11?
1882
Convert -7b (base 12) to base 7.
-164
Convert -212134 (base 5) to base 6.
-53105
Convert 100011111 (base 2) to base 13.
191
What is -322 (base 10) in base 9?
-387
-6a3 (base 14) to base 4
-110213
What is -155524 (base 6) in base 15?
-4907
Convert 202111 (base 3) to base 6.
2321
-2505a (base 12) to base 15
-ed07
6985 (base 10) to base 4
1231021
Convert -43203 (base 5) to base 2.
-101101110000
Convert 1010011001 (base 2) to base 8.
1231
Convert 3e6 (base 16) to base 5.
12443
153540 (base 8) to base 13
1c133
Convert -7229 (base 12) to base 15.
-3a2c
121 (base 8) to base 7
144
4203 (base 6) to base 12
663
-6a0 (base 12) to base 8
-1730
-2231 (base 7) to base 4
-30212
Convert 2648 (base 10) to base 16.
a58
-5ded (base 16) to base 8
-56755
What is -341455 (base 6) in base 9?
-43578
1054225 (base 6) to base 3
2202012022
Convert 5581 (base 11) to base 9.
11065
Convert -22001 (base 3) to base 8.
-331
Convert -3010 (base 6) to base 4.
-22032
What is -299 (base 10) in base 3?
-102002
16452 (base 14) to base 11
3896a
What is -20451 (base 6) in base 5?
-42032
13c9c (base 13) to base 9
56154
What is 2740 (base 15) in base 13?
3a80
110110012 (base 3) to base 4
2031311
-29a (base 11) to base 10
-351
Convert 708 (base 14) to base 5.
21010
Convert -e029 (base 15) to base 16.
-b8b9
-91ab (base 15) to base 9
-46168
-111001011000 (base 2) to base 9
-5030
What is -145c (base 14) in base 13?
-1849
Convert -43271 (base 9) to base 15.
-8757
Convert -724 (base 8) to base 4.
-13110
What is -265 (base 13) in base 2?
-110100101
5126 (base 8) to base 5
41041
Convert 83f (base 16) to base 2.
100000111111
Convert 1c2b (base 14) to base 13.
2450
Convert 2526 (base 12) to base 6.
31250
Convert 1b5 (base 14) to base 13.
214
Convert -20351 (base 6) to base 2.
-101010101011
Convert 5600 (base 7) to base 11.
1567
10330 (base 4) to base 12
224
-358 (base 11) to base 8
-652
What is 537 (base 8) in base 9?
430
-2a50 (base 15) to base 8
-21563
What is c847 (base 13) in base 6?
332331
Convert -1ab (base 16) to base 12.
-2b7
Convert -cc0 (base 15) to base 10.
-2880
Convert 28d (base 14) to base 10.
517
1461 (base 12) to base 13
110b
13764 (base 9) to base 11
7051
9d8 (base 14) to base 16
7a2
Convert 77 (base 15) to base 11.
a2
What is -323 (base 11) in base 16?
-184
What is -42a3 (base 11) in base 16?
-162f
What is -637 (base 8) in base 5?
-3130
4213 (base 6) to base 14
4b7
What is -489 (base 15) in base 5?
-13104
Convert -1000110101 (base 2) to base 6.
-2341
33d2 (base 16) to base 5
411031
-90f (base 16) to base 6
-14423
Convert -2722 (base 11) to base 3.
-11211212
What is -13b01 (base 12) in base 2?
-110101101110001
What is 1060 (base 7) in base 15?
1aa
Convert 102120 (base 3) to base 6.
1240
Convert 1083 (base 9) to base 7.
2226
-10707 (base 9) to base 14
-2859
Convert -5937 (base 11) to base 15.
-248e
Convert -2279 (base 12) to base 3.
-12021010
Convert -21100 (base 4) to base 12.
-414
Convert -3011130 (base 4) to base 3.
-122100000
What is -1110110 (base 2) in base 13?
-91
What is -11100110010000 (base 2) in base 5?
-432421
68b (base 15) to base 16
5c9
cad0 (base 16) to base 11
36010
-643 (base 9) to base 8
-1015
5b5 (base 14) to base 11
946
Convert 720 (base 8) to base 16.
1d0
Convert -132030 (base 4) to base 9.
-257